{"id":278,"date":"2025-06-01T18:36:42","date_gmt":"2025-06-01T16:36:42","guid":{"rendered":"https:\/\/www.sodermalmssnickeri.se\/?page_id=278"},"modified":"2025-07-13T12:19:04","modified_gmt":"2025-07-13T10:19:04","slug":"mobler","status":"publish","type":"page","link":"https:\/\/sodermalmssnickeri.se\/?page_id=278","title":{"rendered":"M\u00f6bler"},"content":{"rendered":"\t\t<div data-elementor-type=\"wp-page\" data-elementor-id=\"278\" class=\"elementor elementor-278\">\n\t\t\t\t<div class=\"elementor-element elementor-element-4dbc94fd e-flex e-con-boxed e-con e-parent\" data-id=\"4dbc94fd\" data-element_type=\"container\" data-settings=\"{&quot;background_background&quot;:&quot;slideshow&quot;,&quot;background_slideshow_gallery&quot;:[{&quot;id&quot;:30,&quot;url&quot;:&quot;https:\\\/\\\/test.sodermalmssnickeri.se\\\/wp-content\\\/uploads\\\/2025\\\/05\\\/141001_snickeri115.jpg&quot;}],&quot;background_slideshow_slide_duration&quot;:5000,&quot;background_slideshow_slide_transition&quot;:&quot;fade&quot;,&quot;background_slideshow_transition_duration&quot;:500}\">\n\t\t\t\t\t<div class=\"e-con-inner\">\n\t\t\t\t\t<\/div>\n\t\t\t\t<\/div>\n\t\t<div class=\"elementor-element elementor-element-6f31d043 e-flex e-con-boxed e-con e-parent\" data-id=\"6f31d043\" data-element_type=\"container\">\n\t\t\t\t\t<div class=\"e-con-inner\">\n\t\t\t\t<div class=\"elementor-element elementor-element-3a2e440e elementor-widget elementor-widget-heading\" data-id=\"3a2e440e\" data-element_type=\"widget\" data-widget_type=\"heading.default\">\n\t\t\t\t<div class=\"elementor-widget-container\">\n\t\t\t\t\t<h1 class=\"elementor-heading-title elementor-size-default\">M\u00f6bler<\/h1>\t\t\t\t<\/div>\n\t\t\t\t<\/div>\n\t\t\t\t<div class=\"elementor-element elementor-element-3e215907 elementor-widget elementor-widget-text-editor\" data-id=\"3e215907\" data-element_type=\"widget\" data-widget_type=\"text-editor.default\">\n\t\t\t\t<div class=\"elementor-widget-container\">\n\t\t\t\t\t\t\t\t\t<p>Vi innehar M\u00e4starbrev och tillverkar Enstycksm\u00f6bler och Prototyper p\u00e5 best\u00e4llning.<\/p><p>H\u00e4r nedan kan ni se ett urval av detaljer och f\u00e4rdiga m\u00f6bler.<\/p>\t\t\t\t\t\t\t\t<\/div>\n\t\t\t\t<\/div>\n\t\t\t\t\t<\/div>\n\t\t\t\t<\/div>\n\t\t<div class=\"elementor-element elementor-element-c6a36f5 e-flex e-con-boxed e-con e-parent\" data-id=\"c6a36f5\" data-element_type=\"container\">\n\t\t\t\t\t<div class=\"e-con-inner\">\n\t\t\t\t<div class=\"elementor-element elementor-element-7165374 gallery-spacing-custom elementor-widget elementor-widget-image-gallery\" data-id=\"7165374\" data-element_type=\"widget\" data-widget_type=\"image-gallery.default\">\n\t\t\t\t<div class=\"elementor-widget-container\">\n\t\t\t\t\t\t\t<div class=\"elementor-image-gallery\">\n\t\t\t<div id='gallery-1' class='gallery galleryid-278 gallery-columns-3 gallery-size-large'><figure class='gallery-item'>\n\t\t\t<div class='gallery-icon landscape'>\n\t\t\t\t<a data-elementor-open-lightbox=\"yes\" data-elementor-lightbox-slideshow=\"7165374\" data-e-action-hash=\"#elementor-action%3Aaction%3Dlightbox%26settings%3DeyJpZCI6NjA5LCJ1cmwiOiJodHRwczpcL1wvc29kZXJtYWxtc3NuaWNrZXJpLnNlXC93cC1jb250ZW50XC91cGxvYWRzXC8yMDI1XC8wNlwva2FybXN0b2wtc2FtdGFsLXNxdWFyZS5wbmciLCJzbGlkZXNob3ciOiI3MTY1Mzc0In0%3D\" href='https:\/\/sodermalmssnickeri.se\/wp-content\/uploads\/2025\/06\/karmstol-samtal-square.png'><img fetchpriority=\"high\" decoding=\"async\" width=\"1024\" height=\"1024\" src=\"https:\/\/sodermalmssnickeri.se\/wp-content\/uploads\/2025\/06\/karmstol-samtal-square-1024x1024.png\" class=\"attachment-large size-large\" alt=\"karmstol-samtal-square\" aria-describedby=\"gallery-1-609\" srcset=\"https:\/\/sodermalmssnickeri.se\/wp-content\/uploads\/2025\/06\/karmstol-samtal-square-1024x1024.png 1024w, https:\/\/sodermalmssnickeri.se\/wp-content\/uploads\/2025\/06\/karmstol-samtal-square-300x300.png 300w, https:\/\/sodermalmssnickeri.se\/wp-content\/uploads\/2025\/06\/karmstol-samtal-square-150x150.png 150w, https:\/\/sodermalmssnickeri.se\/wp-content\/uploads\/2025\/06\/karmstol-samtal-square-768x768.png 768w, https:\/\/sodermalmssnickeri.se\/wp-content\/uploads\/2025\/06\/karmstol-samtal-square.png 1080w\" sizes=\"(max-width: 1024px) 100vw, 1024px\" \/><\/a>\n\t\t\t<\/div>\n\t\t\t\t<figcaption class='wp-caption-text gallery-caption' id='gallery-1-609'>\n\t\t\t\tKarmstol\n\t\t\t\t<\/figcaption><\/figure><figure class='gallery-item'>\n\t\t\t<div class='gallery-icon landscape'>\n\t\t\t\t<a data-elementor-open-lightbox=\"yes\" data-elementor-lightbox-slideshow=\"7165374\" data-e-action-hash=\"#elementor-action%3Aaction%3Dlightbox%26settings%3DeyJpZCI6NjA4LCJ1cmwiOiJodHRwczpcL1wvc29kZXJtYWxtc3NuaWNrZXJpLnNlXC93cC1jb250ZW50XC91cGxvYWRzXC8yMDI1XC8wNlwva2FybXN0b2wtZ3VzdGF2LXNxdWFyZS5wbmciLCJzbGlkZXNob3ciOiI3MTY1Mzc0In0%3D\" href='https:\/\/sodermalmssnickeri.se\/wp-content\/uploads\/2025\/06\/karmstol-gustav-square.png'><img decoding=\"async\" width=\"1024\" height=\"1024\" src=\"https:\/\/sodermalmssnickeri.se\/wp-content\/uploads\/2025\/06\/karmstol-gustav-square-1024x1024.png\" class=\"attachment-large size-large\" alt=\"karmstol-gustav-square\" aria-describedby=\"gallery-1-608\" srcset=\"https:\/\/sodermalmssnickeri.se\/wp-content\/uploads\/2025\/06\/karmstol-gustav-square-1024x1024.png 1024w, https:\/\/sodermalmssnickeri.se\/wp-content\/uploads\/2025\/06\/karmstol-gustav-square-300x300.png 300w, https:\/\/sodermalmssnickeri.se\/wp-content\/uploads\/2025\/06\/karmstol-gustav-square-150x150.png 150w, https:\/\/sodermalmssnickeri.se\/wp-content\/uploads\/2025\/06\/karmstol-gustav-square-768x768.png 768w, https:\/\/sodermalmssnickeri.se\/wp-content\/uploads\/2025\/06\/karmstol-gustav-square.png 1080w\" sizes=\"(max-width: 1024px) 100vw, 1024px\" \/><\/a>\n\t\t\t<\/div>\n\t\t\t\t<figcaption class='wp-caption-text gallery-caption' id='gallery-1-608'>\n\t\t\t\tKarmstol Gustav\n\t\t\t\t<\/figcaption><\/figure><figure class='gallery-item'>\n\t\t\t<div class='gallery-icon landscape'>\n\t\t\t\t<a data-elementor-open-lightbox=\"yes\" data-elementor-lightbox-slideshow=\"7165374\" data-e-action-hash=\"#elementor-action%3Aaction%3Dlightbox%26settings%3DeyJpZCI6MjkwLCJ1cmwiOiJodHRwczpcL1wvc29kZXJtYWxtc3NuaWNrZXJpLnNlXC93cC1jb250ZW50XC91cGxvYWRzXC8yMDI1XC8wNlwvc2tyaXZib3Jkc2h1cnRzLWUxNzUyNDAxODI5MTE0LmpwZyIsInNsaWRlc2hvdyI6IjcxNjUzNzQifQ%3D%3D\" data-elementor-lightbox-title=\"skrivbordshurts\" href='https:\/\/sodermalmssnickeri.se\/wp-content\/uploads\/2025\/06\/skrivbordshurts-e1752401829114.jpg'><img decoding=\"async\" width=\"632\" height=\"632\" src=\"https:\/\/sodermalmssnickeri.se\/wp-content\/uploads\/2025\/06\/skrivbordshurts-e1752401829114.jpg\" class=\"attachment-large size-large\" alt=\"Skrivbord-hurts-l\u00e5dor\" aria-describedby=\"gallery-1-290\" srcset=\"https:\/\/sodermalmssnickeri.se\/wp-content\/uploads\/2025\/06\/skrivbordshurts-e1752401829114.jpg 632w, https:\/\/sodermalmssnickeri.se\/wp-content\/uploads\/2025\/06\/skrivbordshurts-e1752401829114-300x300.jpg 300w, https:\/\/sodermalmssnickeri.se\/wp-content\/uploads\/2025\/06\/skrivbordshurts-e1752401829114-150x150.jpg 150w\" sizes=\"(max-width: 632px) 100vw, 632px\" \/><\/a>\n\t\t\t<\/div>\n\t\t\t\t<figcaption class='wp-caption-text gallery-caption' id='gallery-1-290'>\n\t\t\t\tSkrivbordshurts\n\t\t\t\t<\/figcaption><\/figure><figure class='gallery-item'>\n\t\t\t<div class='gallery-icon landscape'>\n\t\t\t\t<a data-elementor-open-lightbox=\"yes\" data-elementor-lightbox-slideshow=\"7165374\" data-e-action-hash=\"#elementor-action%3Aaction%3Dlightbox%26settings%3DeyJpZCI6NjI5LCJ1cmwiOiJodHRwczpcL1wvc29kZXJtYWxtc3NuaWNrZXJpLnNlXC93cC1jb250ZW50XC91cGxvYWRzXC8yMDI1XC8wNlwvc3RvbGFyLWZlbml4LXNxdWFyZS5wbmciLCJzbGlkZXNob3ciOiI3MTY1Mzc0In0%3D\" data-elementor-lightbox-title=\"skrivbordshurts\" href='https:\/\/sodermalmssnickeri.se\/wp-content\/uploads\/2025\/06\/stolar-fenix-square.png'><img loading=\"lazy\" decoding=\"async\" width=\"1024\" height=\"1024\" src=\"https:\/\/sodermalmssnickeri.se\/wp-content\/uploads\/2025\/06\/stolar-fenix-square-1024x1024.png\" class=\"attachment-large size-large\" alt=\"stolar-fenix-square\" aria-describedby=\"gallery-1-629\" srcset=\"https:\/\/sodermalmssnickeri.se\/wp-content\/uploads\/2025\/06\/stolar-fenix-square-1024x1024.png 1024w, https:\/\/sodermalmssnickeri.se\/wp-content\/uploads\/2025\/06\/stolar-fenix-square-300x300.png 300w, https:\/\/sodermalmssnickeri.se\/wp-content\/uploads\/2025\/06\/stolar-fenix-square-150x150.png 150w, https:\/\/sodermalmssnickeri.se\/wp-content\/uploads\/2025\/06\/stolar-fenix-square-768x768.png 768w, https:\/\/sodermalmssnickeri.se\/wp-content\/uploads\/2025\/06\/stolar-fenix-square.png 1080w\" sizes=\"(max-width: 1024px) 100vw, 1024px\" \/><\/a>\n\t\t\t<\/div>\n\t\t\t\t<figcaption class='wp-caption-text gallery-caption' id='gallery-1-629'>\n\t\t\t\tStolar Fenix\n\t\t\t\t<\/figcaption><\/figure><figure class='gallery-item'>\n\t\t\t<div class='gallery-icon landscape'>\n\t\t\t\t<a data-elementor-open-lightbox=\"yes\" data-elementor-lightbox-slideshow=\"7165374\" data-e-action-hash=\"#elementor-action%3Aaction%3Dlightbox%26settings%3DeyJpZCI6NjI4LCJ1cmwiOiJodHRwczpcL1wvc29kZXJtYWxtc3NuaWNrZXJpLnNlXC93cC1jb250ZW50XC91cGxvYWRzXC8yMDI1XC8wNlwvc29mZmEtZm9ybXVsYTIwMDAtc3F1YXJlLnBuZyIsInNsaWRlc2hvdyI6IjcxNjUzNzQifQ%3D%3D\" data-elementor-lightbox-title=\"skrivbordshurts\" href='https:\/\/sodermalmssnickeri.se\/wp-content\/uploads\/2025\/06\/soffa-formula2000-square.png'><img loading=\"lazy\" decoding=\"async\" width=\"1024\" height=\"1024\" src=\"https:\/\/sodermalmssnickeri.se\/wp-content\/uploads\/2025\/06\/soffa-formula2000-square-1024x1024.png\" class=\"attachment-large size-large\" alt=\"soffa-formula2000-square\" aria-describedby=\"gallery-1-628\" srcset=\"https:\/\/sodermalmssnickeri.se\/wp-content\/uploads\/2025\/06\/soffa-formula2000-square-1024x1024.png 1024w, https:\/\/sodermalmssnickeri.se\/wp-content\/uploads\/2025\/06\/soffa-formula2000-square-300x300.png 300w, https:\/\/sodermalmssnickeri.se\/wp-content\/uploads\/2025\/06\/soffa-formula2000-square-150x150.png 150w, https:\/\/sodermalmssnickeri.se\/wp-content\/uploads\/2025\/06\/soffa-formula2000-square-768x768.png 768w, https:\/\/sodermalmssnickeri.se\/wp-content\/uploads\/2025\/06\/soffa-formula2000-square.png 1080w\" sizes=\"(max-width: 1024px) 100vw, 1024px\" \/><\/a>\n\t\t\t<\/div>\n\t\t\t\t<figcaption class='wp-caption-text gallery-caption' id='gallery-1-628'>\n\t\t\t\tSoffa Formula 2000\n\t\t\t\t<\/figcaption><\/figure><figure class='gallery-item'>\n\t\t\t<div class='gallery-icon landscape'>\n\t\t\t\t<a data-elementor-open-lightbox=\"yes\" data-elementor-lightbox-slideshow=\"7165374\" data-e-action-hash=\"#elementor-action%3Aaction%3Dlightbox%26settings%3DeyJpZCI6NjE4LCJ1cmwiOiJodHRwczpcL1wvc29kZXJtYWxtc3NuaWNrZXJpLnNlXC93cC1jb250ZW50XC91cGxvYWRzXC8yMDI1XC8wNlwvbmF0dHZhcmQtc3F1YXJlLnBuZyIsInNsaWRlc2hvdyI6IjcxNjUzNzQifQ%3D%3D\" data-elementor-lightbox-title=\"skrivbordshurts\" href='https:\/\/sodermalmssnickeri.se\/wp-content\/uploads\/2025\/06\/nattvard-square.png'><img loading=\"lazy\" decoding=\"async\" width=\"1024\" height=\"1024\" src=\"https:\/\/sodermalmssnickeri.se\/wp-content\/uploads\/2025\/06\/nattvard-square-1024x1024.png\" class=\"attachment-large size-large\" alt=\"nattvardsbord-altarbord\" aria-describedby=\"gallery-1-618\" srcset=\"https:\/\/sodermalmssnickeri.se\/wp-content\/uploads\/2025\/06\/nattvard-square-1024x1024.png 1024w, https:\/\/sodermalmssnickeri.se\/wp-content\/uploads\/2025\/06\/nattvard-square-300x300.png 300w, https:\/\/sodermalmssnickeri.se\/wp-content\/uploads\/2025\/06\/nattvard-square-150x150.png 150w, https:\/\/sodermalmssnickeri.se\/wp-content\/uploads\/2025\/06\/nattvard-square-768x768.png 768w, https:\/\/sodermalmssnickeri.se\/wp-content\/uploads\/2025\/06\/nattvard-square.png 1080w\" sizes=\"(max-width: 1024px) 100vw, 1024px\" \/><\/a>\n\t\t\t<\/div>\n\t\t\t\t<figcaption class='wp-caption-text gallery-caption' id='gallery-1-618'>\n\t\t\t\tAltarbord Leksandkyrka\n\t\t\t\t<\/figcaption><\/figure><figure class='gallery-item'>\n\t\t\t<div class='gallery-icon landscape'>\n\t\t\t\t<a data-elementor-open-lightbox=\"yes\" data-elementor-lightbox-slideshow=\"7165374\" data-e-action-hash=\"#elementor-action%3Aaction%3Dlightbox%26settings%3DeyJpZCI6NjIxLCJ1cmwiOiJodHRwczpcL1wvc29kZXJtYWxtc3NuaWNrZXJpLnNlXC93cC1jb250ZW50XC91cGxvYWRzXC8yMDI1XC8wNlwvc2thcC1saW5uZS1zcXVhcmUucG5nIiwic2xpZGVzaG93IjoiNzE2NTM3NCJ9\" data-elementor-lightbox-title=\"skrivbordshurts\" href='https:\/\/sodermalmssnickeri.se\/wp-content\/uploads\/2025\/06\/skap-linne-square.png'><img loading=\"lazy\" decoding=\"async\" width=\"1024\" height=\"1024\" src=\"https:\/\/sodermalmssnickeri.se\/wp-content\/uploads\/2025\/06\/skap-linne-square-1024x1024.png\" class=\"attachment-large size-large\" alt=\"ska\u030ap-linne-square\" aria-describedby=\"gallery-1-621\" srcset=\"https:\/\/sodermalmssnickeri.se\/wp-content\/uploads\/2025\/06\/skap-linne-square-1024x1024.png 1024w, https:\/\/sodermalmssnickeri.se\/wp-content\/uploads\/2025\/06\/skap-linne-square-300x300.png 300w, https:\/\/sodermalmssnickeri.se\/wp-content\/uploads\/2025\/06\/skap-linne-square-150x150.png 150w, https:\/\/sodermalmssnickeri.se\/wp-content\/uploads\/2025\/06\/skap-linne-square-768x768.png 768w, https:\/\/sodermalmssnickeri.se\/wp-content\/uploads\/2025\/06\/skap-linne-square.png 1080w\" sizes=\"(max-width: 1024px) 100vw, 1024px\" \/><\/a>\n\t\t\t<\/div>\n\t\t\t\t<figcaption class='wp-caption-text gallery-caption' id='gallery-1-621'>\n\t\t\t\tVitrinsk\u00e5p Linn\u00e9\n\t\t\t\t<\/figcaption><\/figure><figure class='gallery-item'>\n\t\t\t<div class='gallery-icon landscape'>\n\t\t\t\t<a data-elementor-open-lightbox=\"yes\" data-elementor-lightbox-slideshow=\"7165374\" data-e-action-hash=\"#elementor-action%3Aaction%3Dlightbox%26settings%3DeyJpZCI6NTgwLCJ1cmwiOiJodHRwczpcL1wvc29kZXJtYWxtc3NuaWNrZXJpLnNlXC93cC1jb250ZW50XC91cGxvYWRzXC8yMDI1XC8wNlwvYW1iby1sZWtzYW5kLXNxdWFyZS5wbmciLCJzbGlkZXNob3ciOiI3MTY1Mzc0In0%3D\" data-elementor-lightbox-title=\"skrivbordshurts\" href='https:\/\/sodermalmssnickeri.se\/wp-content\/uploads\/2025\/06\/ambo-leksand-square.png'><img loading=\"lazy\" decoding=\"async\" width=\"1024\" height=\"1024\" src=\"https:\/\/sodermalmssnickeri.se\/wp-content\/uploads\/2025\/06\/ambo-leksand-square-1024x1024.png\" class=\"attachment-large size-large\" alt=\"ambo-talarstol-leksand\" aria-describedby=\"gallery-1-580\" srcset=\"https:\/\/sodermalmssnickeri.se\/wp-content\/uploads\/2025\/06\/ambo-leksand-square-1024x1024.png 1024w, https:\/\/sodermalmssnickeri.se\/wp-content\/uploads\/2025\/06\/ambo-leksand-square-300x300.png 300w, https:\/\/sodermalmssnickeri.se\/wp-content\/uploads\/2025\/06\/ambo-leksand-square-150x150.png 150w, https:\/\/sodermalmssnickeri.se\/wp-content\/uploads\/2025\/06\/ambo-leksand-square-768x768.png 768w, https:\/\/sodermalmssnickeri.se\/wp-content\/uploads\/2025\/06\/ambo-leksand-square.png 1080w\" sizes=\"(max-width: 1024px) 100vw, 1024px\" \/><\/a>\n\t\t\t<\/div>\n\t\t\t\t<figcaption class='wp-caption-text gallery-caption' id='gallery-1-580'>\n\t\t\t\tTalarstol-Ambo\n\t\t\t\t<\/figcaption><\/figure><figure class='gallery-item'>\n\t\t\t<div class='gallery-icon landscape'>\n\t\t\t\t<a data-elementor-open-lightbox=\"yes\" data-elementor-lightbox-slideshow=\"7165374\" data-e-action-hash=\"#elementor-action%3Aaction%3Dlightbox%26settings%3DeyJpZCI6NjE1LCJ1cmwiOiJodHRwczpcL1wvc29kZXJtYWxtc3NuaWNrZXJpLnNlXC93cC1jb250ZW50XC91cGxvYWRzXC8yMDI1XC8wNlwva3JlZGVuc2JvcmQtbGVrc2FuLWQtc3F1YXJlLnBuZyIsInNsaWRlc2hvdyI6IjcxNjUzNzQifQ%3D%3D\" data-elementor-lightbox-title=\"skrivbordshurts\" href='https:\/\/sodermalmssnickeri.se\/wp-content\/uploads\/2025\/06\/kredensbord-leksan-d-square.png'><img loading=\"lazy\" decoding=\"async\" width=\"1024\" height=\"1024\" src=\"https:\/\/sodermalmssnickeri.se\/wp-content\/uploads\/2025\/06\/kredensbord-leksan-d-square-1024x1024.png\" class=\"attachment-large size-large\" alt=\"kredensbord-nattvardsbord-Leksand\" aria-describedby=\"gallery-1-615\" srcset=\"https:\/\/sodermalmssnickeri.se\/wp-content\/uploads\/2025\/06\/kredensbord-leksan-d-square-1024x1024.png 1024w, https:\/\/sodermalmssnickeri.se\/wp-content\/uploads\/2025\/06\/kredensbord-leksan-d-square-300x300.png 300w, https:\/\/sodermalmssnickeri.se\/wp-content\/uploads\/2025\/06\/kredensbord-leksan-d-square-150x150.png 150w, https:\/\/sodermalmssnickeri.se\/wp-content\/uploads\/2025\/06\/kredensbord-leksan-d-square-768x768.png 768w, https:\/\/sodermalmssnickeri.se\/wp-content\/uploads\/2025\/06\/kredensbord-leksan-d-square.png 1080w\" sizes=\"(max-width: 1024px) 100vw, 1024px\" \/><\/a>\n\t\t\t<\/div>\n\t\t\t\t<figcaption class='wp-caption-text gallery-caption' id='gallery-1-615'>\n\t\t\t\tKredensbord\n\t\t\t\t<\/figcaption><\/figure>\n\t\t<\/div>\n\t\t<\/div>\n\t\t\t\t\t\t<\/div>\n\t\t\t\t<\/div>\n\t\t\t\t\t<\/div>\n\t\t\t\t<\/div>\n\t\t\t\t<\/div>\n\t\t","protected":false},"excerpt":{"rendered":"<p>M\u00f6bler Vi innehar M\u00e4starbrev och tillverkar Enstycksm\u00f6bler och Prototyper p\u00e5 best\u00e4llning. H\u00e4r nedan kan ni se ett urval av detaljer [&hellip;]<\/p>\n","protected":false},"author":1,"featured_media":0,"parent":0,"menu_order":0,"comment_status":"closed","ping_status":"closed","template":"elementor_header_footer","meta":{"site-sidebar-layout":"default","site-content-layout":"","ast-site-content-layout":"","site-content-style":"default","site-sidebar-style":"default","ast-global-header-display":"","ast-banner-title-visibility":"","ast-main-header-display":"","ast-hfb-above-header-display":"","ast-hfb-below-header-display":"","ast-hfb-mobile-header-display":"","site-post-title":"","ast-breadcrumbs-content":"","ast-featured-img":"","footer-sml-layout":"","theme-transparent-header-meta":"","adv-header-id-meta":"","stick-header-meta":"","header-above-stick-meta":"","header-main-stick-meta":"","header-below-stick-meta":"","astra-migrate-meta-layouts":"default","ast-page-background-enabled":"default","ast-page-background-meta":{"desktop":{"background-color":"var(--ast-global-color-5)","background-image":"","background-repeat":"repeat","background-position":"center center","background-size":"auto","background-attachment":"scroll","background-type":"","background-media":"","overlay-type":"","overlay-color":"","overlay-opacity":"","overlay-gradient":""},"tablet":{"background-color":"","background-image":"","background-repeat":"repeat","background-position":"center center","background-size":"auto","background-attachment":"scroll","background-type":"","background-media":"","overlay-type":"","overlay-color":"","overlay-opacity":"","overlay-gradient":""},"mobile":{"background-color":"","background-image":"","background-repeat":"repeat","background-position":"center center","background-size":"auto","background-attachment":"scroll","background-type":"","background-media":"","overlay-type":"","overlay-color":"","overlay-opacity":"","overlay-gradient":""}},"ast-content-background-meta":{"desktop":{"background-color":"var(--ast-global-color-4)","background-image":"","background-repeat":"repeat","background-position":"center center","background-size":"auto","background-attachment":"scroll","background-type":"","background-media":"","overlay-type":"","overlay-color":"","overlay-opacity":"","overlay-gradient":""},"tablet":{"background-color":"var(--ast-global-color-4)","background-image":"","background-repeat":"repeat","background-position":"center center","background-size":"auto","background-attachment":"scroll","background-type":"","background-media":"","overlay-type":"","overlay-color":"","overlay-opacity":"","overlay-gradient":""},"mobile":{"background-color":"var(--ast-global-color-4)","background-image":"","background-repeat":"repeat","background-position":"center center","background-size":"auto","background-attachment":"scroll","background-type":"","background-media":"","overlay-type":"","overlay-color":"","overlay-opacity":"","overlay-gradient":""}},"footnotes":""},"class_list":["post-278","page","type-page","status-publish","hentry"],"_links":{"self":[{"href":"https:\/\/sodermalmssnickeri.se\/index.php?rest_route=\/wp\/v2\/pages\/278","targetHints":{"allow":["GET"]}}],"collection":[{"href":"https:\/\/sodermalmssnickeri.se\/index.php?rest_route=\/wp\/v2\/pages"}],"about":[{"href":"https:\/\/sodermalmssnickeri.se\/index.php?rest_route=\/wp\/v2\/types\/page"}],"author":[{"embeddable":true,"href":"https:\/\/sodermalmssnickeri.se\/index.php?rest_route=\/wp\/v2\/users\/1"}],"replies":[{"embeddable":true,"href":"https:\/\/sodermalmssnickeri.se\/index.php?rest_route=%2Fwp%2Fv2%2Fcomments&post=278"}],"version-history":[{"count":94,"href":"https:\/\/sodermalmssnickeri.se\/index.php?rest_route=\/wp\/v2\/pages\/278\/revisions"}],"predecessor-version":[{"id":1874,"href":"https:\/\/sodermalmssnickeri.se\/index.php?rest_route=\/wp\/v2\/pages\/278\/revisions\/1874"}],"wp:attachment":[{"href":"https:\/\/sodermalmssnickeri.se\/index.php?rest_route=%2Fwp%2Fv2%2Fmedia&parent=278"}],"curies":[{"name":"wp","href":"https:\/\/api.w.org\/{rel}","templated":true}]}}