{"id":86,"date":"2025-05-25T20:15:19","date_gmt":"2025-05-25T18:15:19","guid":{"rendered":"https:\/\/www.sodermalmssnickeri.se\/?page_id=86"},"modified":"2025-07-13T11:24:48","modified_gmt":"2025-07-13T09:24:48","slug":"startsida","status":"publish","type":"page","link":"https:\/\/sodermalmssnickeri.se\/","title":{"rendered":"Startsida"},"content":{"rendered":"\t\t<div data-elementor-type=\"wp-post\" data-elementor-id=\"86\" class=\"elementor elementor-86\">\n\t\t\t\t<div class=\"elementor-element elementor-element-6029e4a e-con-full e-flex e-con e-parent\" data-id=\"6029e4a\" data-element_type=\"container\" data-settings=\"{&quot;background_background&quot;:&quot;slideshow&quot;,&quot;background_slideshow_gallery&quot;:[{&quot;id&quot;:11,&quot;url&quot;:&quot;https:\\\/\\\/test.sodermalmssnickeri.se\\\/wp-content\\\/uploads\\\/2025\\\/05\\\/Bokhylla-folkungagatan.jpg&quot;}],&quot;background_slideshow_slide_duration&quot;:5000,&quot;background_slideshow_slide_transition&quot;:&quot;fade&quot;,&quot;background_slideshow_transition_duration&quot;:500}\">\n\t\t\t\t<\/div>\n\t\t<div class=\"elementor-element elementor-element-d96ce96 e-flex e-con-boxed e-con e-parent\" data-id=\"d96ce96\" data-element_type=\"container\">\n\t\t\t\t\t<div class=\"e-con-inner\">\n\t\t\t\t<div class=\"elementor-element elementor-element-5388739 elementor-hidden-mobile elementor-widget elementor-widget-spacer\" data-id=\"5388739\" data-element_type=\"widget\" data-widget_type=\"spacer.default\">\n\t\t\t\t<div class=\"elementor-widget-container\">\n\t\t\t\t\t\t\t<div class=\"elementor-spacer\">\n\t\t\t<div class=\"elementor-spacer-inner\"><\/div>\n\t\t<\/div>\n\t\t\t\t\t\t<\/div>\n\t\t\t\t<\/div>\n\t\t\t\t\t<\/div>\n\t\t\t\t<\/div>\n\t\t<div class=\"elementor-element elementor-element-c605ee1 e-flex e-con-boxed e-con e-parent\" data-id=\"c605ee1\" data-element_type=\"container\">\n\t\t\t\t\t<div class=\"e-con-inner\">\n\t\t\t\t<div class=\"elementor-element elementor-element-2648e4a elementor-widget elementor-widget-heading\" data-id=\"2648e4a\" data-element_type=\"widget\" data-widget_type=\"heading.default\">\n\t\t\t\t<div class=\"elementor-widget-container\">\n\t\t\t\t\t<h2 class=\"elementor-heading-title elementor-size-default\">S\u00f6dermalms Snickeri<\/h2>\t\t\t\t<\/div>\n\t\t\t\t<\/div>\n\t\t\t\t<div class=\"elementor-element elementor-element-79f483a elementor-widget elementor-widget-text-editor\" data-id=\"79f483a\" data-element_type=\"widget\" data-widget_type=\"text-editor.default\">\n\t\t\t\t<div class=\"elementor-widget-container\">\n\t\t\t\t\t\t\t\t\t<p>S\u00f6dermalms Snickeri \u00e4r ett av Stockholms anrika Snickerif\u00f6retag.<br><span style=\"font-style: inherit; font-weight: inherit;\">Vi innehar M\u00e4starbrev i M\u00f6belsnickeri och \u00e4r medlemmar av Stockholms Snickarm\u00e4staref\u00f6rening<br><\/span><span style=\"font-style: inherit; font-weight: inherit;\">Vi tillverkar m\u00f6bler och inredningar av h\u00f6g kvalitet.<\/span><\/p>\t\t\t\t\t\t\t\t<\/div>\n\t\t\t\t<\/div>\n\t\t\t\t\t<\/div>\n\t\t\t\t<\/div>\n\t\t<div class=\"elementor-element elementor-element-1e65922 e-con-full elementor-hidden-mobile e-flex e-con e-parent\" data-id=\"1e65922\" data-element_type=\"container\">\n\t\t<div class=\"elementor-element elementor-element-9c31a31 e-flex e-con-boxed e-con e-child\" data-id=\"9c31a31\" data-element_type=\"container\">\n\t\t\t\t\t<div class=\"e-con-inner\">\n\t\t\t\t<div class=\"elementor-element elementor-element-21fda6d elementor-widget elementor-widget-image\" data-id=\"21fda6d\" data-element_type=\"widget\" data-widget_type=\"image.default\">\n\t\t\t\t<div class=\"elementor-widget-container\">\n\t\t\t\t\t\t\t\t\t\t\t\t\t\t\t<img fetchpriority=\"high\" decoding=\"async\" width=\"1024\" height=\"683\" src=\"https:\/\/sodermalmssnickeri.se\/wp-content\/uploads\/2025\/05\/141001_snickeri075-1024x683.jpg\" class=\"attachment-large size-large wp-image-23\" alt=\"\" srcset=\"https:\/\/sodermalmssnickeri.se\/wp-content\/uploads\/2025\/05\/141001_snickeri075-1024x683.jpg 1024w, https:\/\/sodermalmssnickeri.se\/wp-content\/uploads\/2025\/05\/141001_snickeri075-300x200.jpg 300w, https:\/\/sodermalmssnickeri.se\/wp-content\/uploads\/2025\/05\/141001_snickeri075-768x512.jpg 768w, https:\/\/sodermalmssnickeri.se\/wp-content\/uploads\/2025\/05\/141001_snickeri075-1536x1024.jpg 1536w, https:\/\/sodermalmssnickeri.se\/wp-content\/uploads\/2025\/05\/141001_snickeri075.jpg 1650w\" sizes=\"(max-width: 1024px) 100vw, 1024px\" \/>\t\t\t\t\t\t\t\t\t\t\t\t\t\t\t<\/div>\n\t\t\t\t<\/div>\n\t\t\t\t\t<\/div>\n\t\t\t\t<\/div>\n\t\t<div class=\"elementor-element elementor-element-5c5fd1b e-con-full e-flex e-con e-child\" data-id=\"5c5fd1b\" data-element_type=\"container\">\n\t\t\t\t<div class=\"elementor-element elementor-element-093e01c elementor-widget elementor-widget-image\" data-id=\"093e01c\" data-element_type=\"widget\" data-widget_type=\"image.default\">\n\t\t\t\t<div class=\"elementor-widget-container\">\n\t\t\t\t\t\t\t\t\t\t\t\t\t\t\t<img decoding=\"async\" width=\"1024\" height=\"682\" src=\"https:\/\/sodermalmssnickeri.se\/wp-content\/uploads\/2025\/05\/Foretag-material-1024x682.jpg\" class=\"attachment-large size-large wp-image-62\" alt=\"\" srcset=\"https:\/\/sodermalmssnickeri.se\/wp-content\/uploads\/2025\/05\/Foretag-material-1024x682.jpg 1024w, https:\/\/sodermalmssnickeri.se\/wp-content\/uploads\/2025\/05\/Foretag-material-300x200.jpg 300w, https:\/\/sodermalmssnickeri.se\/wp-content\/uploads\/2025\/05\/Foretag-material-768x512.jpg 768w, https:\/\/sodermalmssnickeri.se\/wp-content\/uploads\/2025\/05\/Foretag-material.jpg 1364w\" sizes=\"(max-width: 1024px) 100vw, 1024px\" \/>\t\t\t\t\t\t\t\t\t\t\t\t\t\t\t<\/div>\n\t\t\t\t<\/div>\n\t\t\t\t<\/div>\n\t\t<div class=\"elementor-element elementor-element-01f3778 e-con-full e-flex e-con e-child\" data-id=\"01f3778\" data-element_type=\"container\">\n\t\t\t\t<div class=\"elementor-element elementor-element-53e8864 elementor-widget elementor-widget-image\" data-id=\"53e8864\" data-element_type=\"widget\" data-widget_type=\"image.default\">\n\t\t\t\t<div class=\"elementor-widget-container\">\n\t\t\t\t\t\t\t\t\t\t\t\t\t\t\t<img decoding=\"async\" width=\"807\" height=\"538\" src=\"https:\/\/sodermalmssnickeri.se\/wp-content\/uploads\/2025\/05\/Foretag-kutter.jpg\" class=\"attachment-large size-large wp-image-59\" alt=\"\" srcset=\"https:\/\/sodermalmssnickeri.se\/wp-content\/uploads\/2025\/05\/Foretag-kutter.jpg 807w, https:\/\/sodermalmssnickeri.se\/wp-content\/uploads\/2025\/05\/Foretag-kutter-300x200.jpg 300w, https:\/\/sodermalmssnickeri.se\/wp-content\/uploads\/2025\/05\/Foretag-kutter-768x512.jpg 768w\" sizes=\"(max-width: 807px) 100vw, 807px\" \/>\t\t\t\t\t\t\t\t\t\t\t\t\t\t\t<\/div>\n\t\t\t\t<\/div>\n\t\t\t\t<\/div>\n\t\t<div class=\"elementor-element elementor-element-31da98d e-con-full e-flex e-con e-child\" data-id=\"31da98d\" data-element_type=\"container\">\n\t\t\t\t<div class=\"elementor-element elementor-element-c0d2059 elementor-widget elementor-widget-image\" data-id=\"c0d2059\" data-element_type=\"widget\" data-widget_type=\"image.default\">\n\t\t\t\t<div class=\"elementor-widget-container\">\n\t\t\t\t\t\t\t\t\t\t\t\t\t\t\t<img loading=\"lazy\" decoding=\"async\" width=\"1024\" height=\"683\" src=\"https:\/\/sodermalmssnickeri.se\/wp-content\/uploads\/2025\/05\/141001_045-1024x683.jpg\" class=\"attachment-large size-large wp-image-21\" alt=\"\" srcset=\"https:\/\/sodermalmssnickeri.se\/wp-content\/uploads\/2025\/05\/141001_045-1024x683.jpg 1024w, https:\/\/sodermalmssnickeri.se\/wp-content\/uploads\/2025\/05\/141001_045-300x200.jpg 300w, https:\/\/sodermalmssnickeri.se\/wp-content\/uploads\/2025\/05\/141001_045-768x512.jpg 768w, https:\/\/sodermalmssnickeri.se\/wp-content\/uploads\/2025\/05\/141001_045-1536x1024.jpg 1536w, https:\/\/sodermalmssnickeri.se\/wp-content\/uploads\/2025\/05\/141001_045.jpg 1647w\" sizes=\"(max-width: 1024px) 100vw, 1024px\" \/>\t\t\t\t\t\t\t\t\t\t\t\t\t\t\t<\/div>\n\t\t\t\t<\/div>\n\t\t\t\t<\/div>\n\t\t\t\t<\/div>\n\t\t<div class=\"elementor-element elementor-element-165ec8d e-flex e-con-boxed e-con e-parent\" data-id=\"165ec8d\" data-element_type=\"container\">\n\t\t\t\t\t<div class=\"e-con-inner\">\n\t\t\t\t<div class=\"elementor-element elementor-element-c57c8d0 elementor-widget elementor-widget-spacer\" data-id=\"c57c8d0\" data-element_type=\"widget\" data-widget_type=\"spacer.default\">\n\t\t\t\t<div class=\"elementor-widget-container\">\n\t\t\t\t\t\t\t<div class=\"elementor-spacer\">\n\t\t\t<div class=\"elementor-spacer-inner\"><\/div>\n\t\t<\/div>\n\t\t\t\t\t\t<\/div>\n\t\t\t\t<\/div>\n\t\t\t\t\t<\/div>\n\t\t\t\t<\/div>\n\t\t<div class=\"elementor-element elementor-element-482dc18 e-grid e-con-boxed e-con e-parent\" data-id=\"482dc18\" data-element_type=\"container\" data-settings=\"{&quot;background_background&quot;:&quot;classic&quot;}\">\n\t\t\t\t\t<div class=\"e-con-inner\">\n\t\t<div class=\"elementor-element elementor-element-799f013 e-con-full e-flex e-con e-child\" data-id=\"799f013\" data-element_type=\"container\">\n\t\t\t\t<div class=\"elementor-element elementor-element-09fba1f elementor-widget elementor-widget-image\" data-id=\"09fba1f\" data-element_type=\"widget\" data-widget_type=\"image.default\">\n\t\t\t\t<div class=\"elementor-widget-container\">\n\t\t\t\t\t\t\t\t\t\t\t\t\t\t\t\t<a href=\"https:\/\/sodermalmssnickeri.se\/?page_id=106\">\n\t\t\t\t\t\t\t<img loading=\"lazy\" decoding=\"async\" width=\"1080\" height=\"1080\" src=\"https:\/\/sodermalmssnickeri.se\/wp-content\/uploads\/2025\/05\/2.png\" class=\"attachment-2048x2048 size-2048x2048 wp-image-90\" alt=\"\" srcset=\"https:\/\/sodermalmssnickeri.se\/wp-content\/uploads\/2025\/05\/2.png 1080w, https:\/\/sodermalmssnickeri.se\/wp-content\/uploads\/2025\/05\/2-300x300.png 300w, https:\/\/sodermalmssnickeri.se\/wp-content\/uploads\/2025\/05\/2-1024x1024.png 1024w, https:\/\/sodermalmssnickeri.se\/wp-content\/uploads\/2025\/05\/2-150x150.png 150w, https:\/\/sodermalmssnickeri.se\/wp-content\/uploads\/2025\/05\/2-768x768.png 768w\" sizes=\"(max-width: 1080px) 100vw, 1080px\" \/>\t\t\t\t\t\t\t\t<\/a>\n\t\t\t\t\t\t\t\t\t\t\t\t\t\t\t<\/div>\n\t\t\t\t<\/div>\n\t\t\t\t<div class=\"elementor-element elementor-element-36eaee2 elementor-widget elementor-widget-heading\" data-id=\"36eaee2\" data-element_type=\"widget\" data-widget_type=\"heading.default\">\n\t\t\t\t<div class=\"elementor-widget-container\">\n\t\t\t\t\t<h2 class=\"elementor-heading-title elementor-size-default\"><a href=\"https:\/\/sodermalmssnickeri.se\/?page_id=106\">Offentliga rum<\/a><\/h2>\t\t\t\t<\/div>\n\t\t\t\t<\/div>\n\t\t\t\t<\/div>\n\t\t<div class=\"elementor-element elementor-element-743233c e-con-full e-flex e-con e-child\" data-id=\"743233c\" data-element_type=\"container\">\n\t\t\t\t<div class=\"elementor-element elementor-element-f7f24e4 elementor-widget elementor-widget-image\" data-id=\"f7f24e4\" data-element_type=\"widget\" data-widget_type=\"image.default\">\n\t\t\t\t<div class=\"elementor-widget-container\">\n\t\t\t\t\t\t\t\t\t\t\t\t\t\t\t\t<a href=\"https:\/\/sodermalmssnickeri.se\/?page_id=278\">\n\t\t\t\t\t\t\t<img loading=\"lazy\" decoding=\"async\" width=\"1080\" height=\"1080\" src=\"https:\/\/sodermalmssnickeri.se\/wp-content\/uploads\/2025\/05\/7.png\" class=\"attachment-2048x2048 size-2048x2048 wp-image-95\" alt=\"\" srcset=\"https:\/\/sodermalmssnickeri.se\/wp-content\/uploads\/2025\/05\/7.png 1080w, https:\/\/sodermalmssnickeri.se\/wp-content\/uploads\/2025\/05\/7-300x300.png 300w, https:\/\/sodermalmssnickeri.se\/wp-content\/uploads\/2025\/05\/7-1024x1024.png 1024w, https:\/\/sodermalmssnickeri.se\/wp-content\/uploads\/2025\/05\/7-150x150.png 150w, https:\/\/sodermalmssnickeri.se\/wp-content\/uploads\/2025\/05\/7-768x768.png 768w\" sizes=\"(max-width: 1080px) 100vw, 1080px\" \/>\t\t\t\t\t\t\t\t<\/a>\n\t\t\t\t\t\t\t\t\t\t\t\t\t\t\t<\/div>\n\t\t\t\t<\/div>\n\t\t\t\t<div class=\"elementor-element elementor-element-3e3cf58 elementor-widget elementor-widget-heading\" data-id=\"3e3cf58\" data-element_type=\"widget\" data-widget_type=\"heading.default\">\n\t\t\t\t<div class=\"elementor-widget-container\">\n\t\t\t\t\t<h2 class=\"elementor-heading-title elementor-size-default\"><a href=\"https:\/\/sodermalmssnickeri.se\/?page_id=278\">M\u00f6bler<\/a><\/h2>\t\t\t\t<\/div>\n\t\t\t\t<\/div>\n\t\t\t\t<\/div>\n\t\t<div class=\"elementor-element elementor-element-55270b3 e-con-full e-flex e-con e-child\" data-id=\"55270b3\" data-element_type=\"container\">\n\t\t\t\t<div class=\"elementor-element elementor-element-f7eb4a9 elementor-widget elementor-widget-image\" data-id=\"f7eb4a9\" data-element_type=\"widget\" data-widget_type=\"image.default\">\n\t\t\t\t<div class=\"elementor-widget-container\">\n\t\t\t\t\t\t\t\t\t\t\t\t\t\t\t\t<a href=\"https:\/\/sodermalmssnickeri.se\/?page_id=195\">\n\t\t\t\t\t\t\t<img loading=\"lazy\" decoding=\"async\" width=\"1024\" height=\"1024\" src=\"https:\/\/sodermalmssnickeri.se\/wp-content\/uploads\/2025\/05\/5-1024x1024.png\" class=\"attachment-large size-large wp-image-93\" alt=\"\" srcset=\"https:\/\/sodermalmssnickeri.se\/wp-content\/uploads\/2025\/05\/5-1024x1024.png 1024w, https:\/\/sodermalmssnickeri.se\/wp-content\/uploads\/2025\/05\/5-300x300.png 300w, https:\/\/sodermalmssnickeri.se\/wp-content\/uploads\/2025\/05\/5-150x150.png 150w, https:\/\/sodermalmssnickeri.se\/wp-content\/uploads\/2025\/05\/5-768x768.png 768w, https:\/\/sodermalmssnickeri.se\/wp-content\/uploads\/2025\/05\/5.png 1080w\" sizes=\"(max-width: 1024px) 100vw, 1024px\" \/>\t\t\t\t\t\t\t\t<\/a>\n\t\t\t\t\t\t\t\t\t\t\t\t\t\t\t<\/div>\n\t\t\t\t<\/div>\n\t\t\t\t<div class=\"elementor-element elementor-element-31f2c47 elementor-widget elementor-widget-heading\" data-id=\"31f2c47\" data-element_type=\"widget\" data-widget_type=\"heading.default\">\n\t\t\t\t<div class=\"elementor-widget-container\">\n\t\t\t\t\t<h2 class=\"elementor-heading-title elementor-size-default\"><a href=\"https:\/\/sodermalmssnickeri.se\/?page_id=195\">Inredning<\/a><\/h2>\t\t\t\t<\/div>\n\t\t\t\t<\/div>\n\t\t\t\t<\/div>\n\t\t\t\t\t<\/div>\n\t\t\t\t<\/div>\n\t\t\t\t<\/div>\n\t\t","protected":false},"excerpt":{"rendered":"<p>S\u00f6dermalms Snickeri S\u00f6dermalms Snickeri \u00e4r ett av Stockholms anrika Snickerif\u00f6retag.Vi innehar M\u00e4starbrev i M\u00f6belsnickeri och \u00e4r medlemmar av Stockholms Snickarm\u00e4staref\u00f6reningVi [&hellip;]<\/p>\n","protected":false},"author":1,"featured_media":0,"parent":0,"menu_order":0,"comment_status":"closed","ping_status":"closed","template":"elementor_header_footer","meta":{"site-sidebar-layout":"default","site-content-layout":"","ast-site-content-layout":"","site-content-style":"default","site-sidebar-style":"default","ast-global-header-display":"","ast-banner-title-visibility":"","ast-main-header-display":"","ast-hfb-above-header-display":"","ast-hfb-below-header-display":"","ast-hfb-mobile-header-display":"","site-post-title":"","ast-breadcrumbs-content":"","ast-featured-img":"","footer-sml-layout":"","theme-transparent-header-meta":"","adv-header-id-meta":"","stick-header-meta":"","header-above-stick-meta":"","header-main-stick-meta":"","header-below-stick-meta":"","astra-migrate-meta-layouts":"default","ast-page-background-enabled":"default","ast-page-background-meta":{"desktop":{"background-color":"var(--ast-global-color-5)","background-image":"","background-repeat":"repeat","background-position":"center center","background-size":"auto","background-attachment":"scroll","background-type":"","background-media":"","overlay-type":"","overlay-color":"","overlay-opacity":"","overlay-gradient":""},"tablet":{"background-color":"","background-image":"","background-repeat":"repeat","background-position":"center center","background-size":"auto","background-attachment":"scroll","background-type":"","background-media":"","overlay-type":"","overlay-color":"","overlay-opacity":"","overlay-gradient":""},"mobile":{"background-color":"","background-image":"","background-repeat":"repeat","background-position":"center center","background-size":"auto","background-attachment":"scroll","background-type":"","background-media":"","overlay-type":"","overlay-color":"","overlay-opacity":"","overlay-gradient":""}},"ast-content-background-meta":{"desktop":{"background-color":"var(--ast-global-color-4)","background-image":"","background-repeat":"repeat","background-position":"center center","background-size":"auto","background-attachment":"scroll","background-type":"","background-media":"","overlay-type":"","overlay-color":"","overlay-opacity":"","overlay-gradient":""},"tablet":{"background-color":"var(--ast-global-color-4)","background-image":"","background-repeat":"repeat","background-position":"center center","background-size":"auto","background-attachment":"scroll","background-type":"","background-media":"","overlay-type":"","overlay-color":"","overlay-opacity":"","overlay-gradient":""},"mobile":{"background-color":"var(--ast-global-color-4)","background-image":"","background-repeat":"repeat","background-position":"center center","background-size":"auto","background-attachment":"scroll","background-type":"","background-media":"","overlay-type":"","overlay-color":"","overlay-opacity":"","overlay-gradient":""}},"footnotes":""},"class_list":["post-86","page","type-page","status-publish","hentry"],"_links":{"self":[{"href":"https:\/\/sodermalmssnickeri.se\/index.php?rest_route=\/wp\/v2\/pages\/86","targetHints":{"allow":["GET"]}}],"collection":[{"href":"https:\/\/sodermalmssnickeri.se\/index.php?rest_route=\/wp\/v2\/pages"}],"about":[{"href":"https:\/\/sodermalmssnickeri.se\/index.php?rest_route=\/wp\/v2\/types\/page"}],"author":[{"embeddable":true,"href":"https:\/\/sodermalmssnickeri.se\/index.php?rest_route=\/wp\/v2\/users\/1"}],"replies":[{"embeddable":true,"href":"https:\/\/sodermalmssnickeri.se\/index.php?rest_route=%2Fwp%2Fv2%2Fcomments&post=86"}],"version-history":[{"count":71,"href":"https:\/\/sodermalmssnickeri.se\/index.php?rest_route=\/wp\/v2\/pages\/86\/revisions"}],"predecessor-version":[{"id":1846,"href":"https:\/\/sodermalmssnickeri.se\/index.php?rest_route=\/wp\/v2\/pages\/86\/revisions\/1846"}],"wp:attachment":[{"href":"https:\/\/sodermalmssnickeri.se\/index.php?rest_route=%2Fwp%2Fv2%2Fmedia&parent=86"}],"curies":[{"name":"wp","href":"https:\/\/api.w.org\/{rel}","templated":true}]}}